f m?
2
Let z = 2797 + -730. Suppose u = 4*u - z. What is the units digit of (u/(-39))/(2/(-6))?
3
Suppose -2*m + 5*n - 15 = -0*m, -37 = 4*m - 3*n. Let b(g) = -3*g**2 + 5*g + 4. Let c be b(4). Let f = m - c. What is the tens digit of f?
1
Let j(l) = l**3 + 5*l**2 - 4*l + 7. Let s(z) = -3*z + 6. Let q be s(4). Let g be j(q). What is the units digit of -104*(-1 - g/10)?
2
What is the units digit of 4158 - (100/2)/10?
3
Let t be ((-15)/(-10) - 1)/(1/26). Suppose 2 + t = 5*n. Suppose 0 = -n*k - 2*c + 336, 0*k = -5*k - 5*c + 555. What is the units digit of k?
4
Let z(x) = x**3 + 23*x**2 + 31*x + 35. Let v be 1477/(-70) + (-1)/(-10). Let u be z(v). What is the tens digit of ((-2)/1 - 3)*u/(-7)?
9
Let m = -44833 + 74977. What is the thousands digit of m?
0
Suppose 46*n - 80 = 30*n. Suppose -8*y - 2461 = -5*d - 5*y, -4*d + n*y + 1974 = 0. What is the hundreds digit of d?
4
What is the units digit of -268*(3 + (-9 - (-327)/(-12)))?
1
Suppose -261*j + 1173937 + 1370813 = 0. What is the units digit of j?
0
Let m(n) = 30 + 21 - 11. Let u(q) = -q - 40. Let o(x) = -5*m(x) - 4*u(x). What is the units digit of o(12)?
8
Let u = -959 - -2086. Let v = u + -746. What is the units digit of v?
1
Let i = 3588 - -5928. What is the hundreds digit of i?
5
What is the thousands digit of 3828468/343 + 4*(1/(-1))/(-14)?
1
Let a = 182 + -122. What is the tens digit of (-1694)/(-6) + 5/a*-4?
8
Suppose 2*s = v - 97, -5*s - 133 = -2*v + 110. Suppose -j - 3*j + 487 = o, -3*j = -5*o - 394. Let f = j + s. What is the tens digit of f?
7
What is the thousands digit of 348/261 - (-84467)/3?
8
Let o = 1 + 1. Suppose -h - r + 5*r = -8, -o*r - 2 = 0. What is the hundreds digit of 125 + (-1)/(-1) - h?
1
Suppose 0 = -u - 2*y + 7, -8*y = -3*y - 5. Let b be -6*u/(-3) + -3. What is the tens digit of ((-26)/(-4) + -2)*b*4?
2
Suppose -4*o + 2*r + 33 = 5*r, o + r = 9. Let x be -93*2 + (o - 4). Let g = -110 - x. What is the units digit of g?
4
Suppose 0 = -11*q + 31*q - 20040. What is the hundreds digit of (-6)/(-9)*q + -2 + -2?
6
Let s = -380 - -402. Suppose 0 = 6*y - s*y + 7552. What is the units digit of y?
2
Let x(h) be the first derivative of -h**5/120 + h**4 + 5*h**3/3 - 2. Let c(y) be the third derivative of x(y). What is the tens digit of c(9)?
1
Suppose 3*c + 7*o - 6*o - 4185 = 0, -5*c - 2*o + 6974 = 0. Suppose 4*v - 5*n - 2776 = -3*n, 2*v - 5*n - c = 0. What is the hundreds digit of v?
6
Let q(i) = i**2 + 4*i + 2. Let s be q(-2). Let m(g) = g**3 + 7*g**2 - 6. Let z be m(-5). What is the units digit of z - -3*(3 + s)?
7
Let w(q) = 8 - 21*q - 42*q + 43*q. What is the hundreds digit of w(-41)?
8
Let d be -2 + 1/((-4)/(-16)). Suppose -t + d*r = -5, 4*t - 9 = -r - 2*r. Suppose 2*q - 4*n = 144, 2*q + 2*q = -t*n + 288. What is the units digit of q?
2
Suppose -2*x + 2*c - 18 = 0, -2*x = -x + 2*c. What is the tens digit of 2778*8/16 + x?
8
Let b = 246 - 248. Let w(z) = -72*z - 5. What is the hundreds digit of w(b)?
1
Suppose -6*f + 2 = -5*f, f = -5*p + 17. Let j(h) be the third derivative of 7*h**5/60 - h**4/24 + 4*h**3/3 + 4*h**2 + 44*h. What is the units digit of j(p)?
8
Let q(s) = 38*s + 48. Let m(r) = 31*r + 47. Let u(h) = 5*m(h) - 4*q(h). Suppose -k + 48 = -5*k. What is the units digit of u(k)?
7
Let x = 2984 - 2979. Let t = -30 - -57. Suppose 4*a = x*a - t. What is the tens digit of a?
2
Let m(w) = 19*w**2 + 78*w - 4. Let c be m(-32). Suppose -32*v = -5*v - c. What is the units digit of v?
8
Suppose 35*c - 13392 = 19*c. Let u = -409 + c. What is the units digit of u?
8
Let t = 50079 - 30586. What is the units digit of t?
3
Suppose -2*a = 4*a - 336. Let x(o) = o**3 + 21*o**2 - 21*o + 27. Let t be x(-22). Suppose m - t*u - 118 = 0, 0 = m + 5*u - a - 82. What is the units digit of m?
8
Let v be (5 - 10) + (1*-15)/(-3). Suppose -r - w + 130 = v, 4*w + 5 = -w. What is the hundreds digit of r?
1
Let q = 5385 - -14142. What is the units digit of q?
7
Let j(c) = -86*c + 13. Suppose -2*f - 2*k - 4 = 0, f - 5*f - 2*k = 18. What is the units digit of j(f)?
5
Let t = -467 - -463. What is the units digit of (t/8)/(16/(-10688))?
4
Let x be 1/1 + 8/2. Let b(j) = -j**2 + 7*j - 4. Let n be b(5). What is the tens digit of (-32)/n*x/((-30)/18)?
1
Let i = -37634 - -80553. What is the ten thousands digit of i?
4
What is the tens digit of (-107 - -108)/(3/117066)?
2
Let n be -4 - -5 - (-1)/((-4)/(-12)). Suppose 0 = -7*p + 5*p - n*p. Let w(l) = -l**3 + l + 23. What is the tens digit of w(p)?
2
Let t(v) = 3*v + 31. Let b be 15*(4 - 28/6). Let h be t(b). What is the units digit of h - 6 - (-66 + -2)?
3
Let p = 58 + -57. Let f be p/(-2) + (-110)/(-20). Suppose 330 = f*b - 260. What is the hundreds digit of b?
1
Suppose 1153*v + 4*x = 1154*v - 6045, 5*v - 3*x - 30344 = 0. What is the thousands digit of v?
6
Suppose 5*j - 4*j = -5*l + 144305, -10 = 2*j. What is the ten thousands digit of l?
2
Let v be 2 + 2 - (990 + -2 - -6). What is the tens digit of (-16)/(-2)*(-4 - v/24)?
9
Suppose 0*l - 2*l = -30. Suppose 3 + l = 6*f. Suppose f*w - 59 = 157. What is the tens digit of w?
7
Let z = 2058 - 1230. Suppose -14*g - z = -5*g. Let v = g - -93. What is the units digit of v?
1
Suppose -17*t + 285 = -15*t + b, -5*t + 2*b + 726 = 0. Suppose 45*u - 51*u + t = 0. What is the units digit of u?
4
Suppose -30 = 4*z - 10*z. Suppose -5*d = z*y, -3*d + 2 + 1 = 4*y. What is the units digit of y/(-12) - 1924/(-16)?
0
What is the tens digit of (-3095)/(-20)*(1*85 - (-115)/(-23))?
8
Suppose -4*f + 8 = -4. Suppose 3*x - 28 = -4*y, -f = 2*y - 5. What is the tens digit of x/(6*1/123)?
6
Let y(w) = -5*w**3 + 2*w + 3. Let m be y(2). Let i = -37 - m. Let j(a) = -3*a**3 - 7*a**2 - 9*a + 2. What is the tens digit of j(i)?
1
Let j = 3 + 43. Let q = j + -56. What is the units digit of (-458)/q - 40/50?
5
What is the tens digit of (3 + 0/(-2))/(-48 - 32340859/(-673767))?
0
Suppose -336 = 18*z - 26*z. Suppose 17*y - z = 11*y. What is the tens digit of (-4)/(-10) + ((-5658)/(-30) - y)?
8
Let p(x) = -x**3 - 10*x**2 - 18*x - 14. Let k be p(-8). Suppose 4*y - 992 = 2*y + k*m, -3*m + 504 = y. What is the hundreds digit of y?
4
Let h be ((-9)/5)/(14/(840/(-18))). Let u(b) = 25*b**2 - 12*b - 10. What is the tens digit of u(h)?
1
Let l = 20375 + -13341. What is the thousands digit of l?
7
Let m = -41073 - -59145. What is the hundreds digit of m?
0
Suppose -5*z = -q - 12814 - 37371, -3*q = 4*z - 40129. What is the tens digit of z?
3
Suppose -6*i + 20542 = 4425 - 13853. What is the tens digit of i?
9
Suppose 3*k + 3*k + 108 = 0. Let o be (-15)/(-35) + k/(-7) - -123. Suppose -2*b - g - 3*g + o = 0, -b + 3*g = -88. What is the tens digit of b?
7
Suppose 3*y + 5*c - 29252 = 0, -5*y - 5614 = 3*c - 54362. What is the hundreds digit of y?
7
Let o(d) = -6*d**3 - 3*d**2 - 5*d - 2. Let p be o(-3). Let a = -972 + 968. What is the hundreds digit of -3*a/12*p?
1
Let j = -5953 + 13879. What is the thousands digit of j?
7
Suppose 5*s = 6*s + 10. Let y = s + 301. What is the hundreds digit of y?
2
Suppose 5*r = -2*b + 1107, -3*r = -5*b - 279 - 379. Let t be (-6)/((-60)/70) + -2. Suppose 2*i - r = -t*d, -3*d - 197 = -3*i + 82. What is the units digit of i?
8
Suppose 7*p = 2*p. Suppose -3*z + 0 + 6 = p. What is the tens digit of 81/12*(-10)/(-3)*z?
4
What is the thousands digit of 16/(-240) - (-125404)/60?
2
Let n be 3*33222/18 - (-3)/3. Suppose 5*b + 2*g - 4154 = 2*b, -n = -4*b - 3*g. What is the units digit of b?
6
Let w(u) = 552*u - 306. What is the thousands digit of w(17)?
9
What is the units digit of (-3)/(6/(-1556))*(-38 + 48)?
0
What is the units digit of 10*79 - (17/((-153)/27) + -2)?
5
Suppose -17*x + 1028 = -15*x + 5*s, 0 = 5*x + 5*s - 2585. Let y = -190 + x. What is the units digit of y?
9
Let i(g) = 4*g**3 + 30*g**2 - 45*g + 37. Let m(p) = -5*p**3 - 32*p**2 + 45*p - 38. Let t(o) = -4*i(o) - 3*m(o). What is the units digit of t(-26)?
8
Suppose 4*i = -69 - 3. Let p = 1323 + i. What is the thousands digit of p?
1
What is the tens digit of (320/15)/(1 - (-1372)/(-1380)) + 3?
8
Suppose 2*f = 3*j + 306, 2*j + 66 = f - 88. Suppose -12*v + f = -390. What is the tens digit of v?
4
Let b = 915 + -382. Suppose 11*a + b = 5648. What is the units digit of a?
5
Let j = -30 - -55. Let i = j - 22. What is the units digit of (-33)/22*(-2)/i?
1
Let g(v) = -2*v**3 + 4*v**2 +